t is 101 + 1011101111011110011?
1011101111011111000
In base 6, what is -1014 - -11523?
10505
In base 13, what is -86 - -6351?
6298
In base 2, what is -11 - -1000100111100000111?
1000100111100000100
In base 9, what is 146 + 2050?
2206
In base 4, what is 2110121213 - 1?
2110121212
In base 4, what is -1131030 - 100?
-1131130
In base 14, what is 2 - 15bc8?
-15bc6
In base 10, what is -17 - 25669?
-25686
In base 3, what is -1122010010 - -10221?
-1121222012
In base 12, what is 27b9 + -12?
27a7
In base 11, what is -11708 - -4?
-11704
In base 8, what is 2 + -304417?
-304415
In base 3, what is 2 - 11200011201?
-11200011122
In base 15, what is 77 - -59e7?
5a6e
In base 12, what is -1458a - 33?
-14601
In base 11, what is 2 - 3067?
-3065
In base 8, what is 471561 - -1?
471562
In base 3, what is 21 - -2111022220?
2111100011
In base 16, what is 4eb - -1e?
509
In base 4, what is 1 - -2120220111?
2120220112
In base 10, what is -17 + 17944?
17927
In base 2, what is 1001010110110011 - -1?
1001010110110100
In base 8, what is 61 + -45?
14
In base 10, what is 40906 + -165?
40741
In base 10, what is -7 + -3438?
-3445
In base 2, what is -1011 - -11101110001?
11101100110
In base 15, what is 44 + 378?
3bc
In base 7, what is 4 + 1111?
1115
In base 9, what is -41630 + -4?
-41634
In base 7, what is 105442 + -5?
105434
In base 16, what is -90 - ac3?
-b53
In base 5, what is 1 - 134300?
-134244
In base 10, what is -5 - -3158?
3153
In base 3, what is -11 - 1102120000?
-1102120011
In base 10, what is 45057 + 60?
45117
In base 12, what is -1bb + 23?
-198
In base 4, what is -11 + -1212201010?
-1212201021
In base 7, what is 35362 + -10?
35352
In base 16, what is 5 + -87f?
-87a
In base 12, what is -10 - -1930a?
192ba
In base 14, what is 43 - -6a?
ad
In base 4, what is 1303 + 100232?
102201
In base 8, what is -734 - 1011?
-1745
In base 5, what is 1 + 1331433?
1331434
In base 7, what is 330 + 3514?
4144
In base 5, what is 130422 - 2004?
123413
In base 7, what is -2 + -2214604?
-2214606
In base 6, what is 15 + 43424?
43443
In base 15, what is 4 + 67c3?
67c7
In base 6, what is -31 + -322?
-353
In base 4, what is 3110302 + -10?
3110232
In base 4, what is -31 + 110130?
110033
In base 10, what is 6233 + -1?
6232
In base 11, what is -847 - -72?
-785
In base 9, what is -17 - 13056?
-13074
In base 2, what is -1010000 - 100111011111?
-101000101111
In base 12, what is -17 - -3141?
3126
In base 10, what is 1365 - -24?
1389
In base 10, what is -3182 - -3?
-3179
In base 15, what is 5d + -2525?
-24b7
In base 13, what is -5 + 27a344?
27a33c
In base 3, what is 22 - -110111020?
110111112
In base 7, what is -2 - 1052045?
-1052050
In base 7, what is 1361 - -231?
1622
In base 13, what is -6319b - -2?
-63199
In base 8, what is -4 + -5614?
-5620
In base 8, what is 4222133 - -6?
4222141
In base 9, what is 18130 - -2?
18132
In base 7, what is 152516 - -232?
153051
In base 13, what is 3a3 + 15?
3b8
In base 5, what is 3204011 - 30?
3203431
In base 9, what is -11 - -42205?
42184
In base 13, what is 19b31 - 1?
19b30
In base 2, what is 110 - 1010010010001101?
-1010010010000111
In base 4, what is -1323 + -30103?
-32032
In base 15, what is -cdb - b?
-ce7
In base 12, what is 200281 + -4?
200279
In base 13, what is 7b7 - -130?
917
In base 11, what is -43 + -5193?
-5226
In base 4, what is 0 - 3022330030?
-3022330030
In base 6, what is 2 + 115132?
115134
In base 3, what is -11 - -122200122?
122200111
In base 11, what is a04128 + -4?
a04124
In base 10, what is -467 - -99?
-368
In base 12, what is 3 + 2aa194?
2aa197
In base 12, what is -a69 + 481?
-5a8
In base 15, what is -1cab - -1?
-1caa
In base 13, what is 1283 + -b?
1275
In base 5, what is 1141 - 14424?
-13233
In base 4, what is -1 - 332332301?
-332332302
In base 16, what is 27e58 - -4?
27e5c
In base 7, what is 4 + -13104?
-13100
In base 5, what is -10023221 - 3?
-10023224
In base 9, what is -46 + 37785?
37738
In base 9, what is 2655 - 88?
2556
In base 7, what is -121646 - 135?
-122114
In base 15, what is 42edc - -1?
42edd
In base 15, what is 3 + 455e?
4562
In base 14, what is a76 + 292?
d28
In base 12, what is 250 + 212?
462
In base 5, what is -323123 - -21?
-323102
In base 12, what is 40a32 + -20?
40a12
In base 10, what is -142 + 151?
9
In base 11, what is -10036 + -5?
-10040
In base 16, what is 0 - 398ad?
-398ad
In base 16, what is 42ec - -19?
4305
In base 3, what is 2210102210 - 0?
2210102210
In base 9, what is 1255 - -577?
1843
In base 13, what is 24b0 - -6c?
254c
In base 6, what is 34530 + -5?
34521
In base 5, what is -200 - 100131?
-100331
In base 13, what is -56182b + -2?
-561830
In base 11, what is -3 - 35213?
-35216
In base 12, what is -26 + 5407?
53a1
In base 2, what is 110110 + -1010001110100?
-1010000111110
In base 5, what is 13010 - -1021?
14031
In base 10, what is -78939 - 4?
-78943
In base 8, what is 5 - -2632653?
2632660
In base 14, what is -3bd4 + -b?
-3c01
In base 14, what is -152242 - 2?
-152244
In base 14, what is -c0 - 190?
-270
In base 4, what is 3332 + 1332?
11330
In base 4, what is -103330 - 13011?
-123001
In base 2, what is -100001011 + -111001?
-101000100
In base 5, what is -1434111 + -42?
-1434203
In base 3, what is -20 - -11201202122?
11201202102
In base 14, what is 0 - bdd?
-bdd
In base 12, what is -99 - -b81?
aa4
In base 12, what is -12b3 - 1021?
-2314
In base 14, what is 9239 - 66?
91b3
In base 12, what is 18 + -4547?
-452b
In base 2, what is 111001110110101011111 - -101?
111001110110101100100
In base 9, what is -4527 - 114?
-4642
In base 6, what is 3335 - 304?
3031
In base 9, what is 35 - 50775?
-50740
In base 13, what is 25 - 18c?
-167
In base 8, what is 515562 - -3?
515565
In base 10, what is 70 + -197?
-127
In base 5, what is 10323433 + 11?
10323444
In base 3, what is 2 + -1010120021?
-1010120012
In base 8, what is 72 + -2345?
-2253
In base 16, what is -98 - -f7?
5f
In base 16, what is df5 - 7?
dee
In base 4, what is 3331320211 + -3?
3331320202
In base 4, what is -10302 - -23311?
13003
In base 7, what is -5 - -53414?
53406
In base 7, what is -445 + 303?
-142
In base 12, what is -18 - -3457?
343b
In base 13, what is -2 - -4b1392?
4b1390
In base 3, what is 2112102 + 12?
2112121
In base 8, what is 2407 + -45?
2342
In base 2, what is 101111110100111110101010 - -101?
101111110100111110101111
In base 7, what is 5 + -63420?
-63412
In base 16, what is 3 + -514e0?
-514dd
In base 8, what is 435 + 45?
502
In base 5, what is 101443 - 4?
101434
In base 9, what is -2343426 - 6?
-2343433
In base 14, what is 35 - -625b?
6292
In base 16, what is 46 - c1d4?
-c18e
In base 4, what is 1023 + 20020?
21103
In base 3, what is -2102 - 222112210?
-222122012
In base 13, what is 335 + -7?
32b
In base 2, what is -10001 + 10101011010011110?
10101011010001101
In base 6, what is 252 + -323544?
-323252
In base 4, what is -11 + 113011203?
113011132
In base 11, what is -2 + 6878a?
68788
In base 8, what is -14 + 73125?
73111
In base 7, what is 1651 - 621?
1030
In base 4, what is 31322 - 32023?
-101
In base 5, what is -40 + 10312402?
10312312
In base 12, what is -18b - 7?
-196
In base 7, what is -34 - -24043?
24006
In base 12, what is 13b1 + -251?
1160
In base 5, what is 3033 + 30210?
33243
In base 8, what is -14 + -65715?
-65731
In base 4, what is 3101211 - 202?
3101003
In base 8, what is 4 - -4066?
4072
In base 15, what is 1 - -9c65?
9c66
In base 8, what is -5 + 11735?
11730
In base 16, what is 13 - -1dd?
1f0
In base 14, what is 7 - 1a26?
-1a1d
In base 4, what is 1102103220 + 3?
1102103223
In base 14, what is 1 - 452d?
-452c
In base 8, what is -1053 - -312?
-541
In base 9, what is 230283 + 2?
230285
In base 8, what is 675240 - -12?
675252
In base 13, what is -cba0 - 4?
-cba4
In base 6, what is -5002 - -10?
-4552
In base 6, what is 33 - 24022?
-23545
In base 16, what is -1 - 3960?
-3961
In base 14, what is 23 + b26?
b49
In base 12, what is 6 + -5ba?
-5b4
In base 7, what is -615 + -1366?
-2314
In base 13, what is 2a6c + -9?
2a63
In base 8, what is 5 + 110716?
110723
In base 16, what is -1 - 3b28?
-3b29
In base 6, what is 1031341 - 3?
1031334
In base 9, what is -5 - -78884?
78878
In base 6, what is 344 - -10051?
10435
In base 12, what is -1630 - -62?
-158a
In base 12, what is 14b0478 + -2?
14b0476
In base 7, what is -12060 + 6?
-12051
In base 10, what is -550 + -